is the highest common factor of 49 and n?
49
Let p = -1164 + 1285. Calculate the greatest common factor of p and 132.
11
Let j(f) = -2*f**2 + 41*f - 158. Let c be j(12). Calculate the highest common factor of 506 and c.
46
Let a(z) = -z**3 + 21*z**2 + 22*z + 18. Let h be a(22). Calculate the highest common factor of h and 63.
9
Let s = -7 + 12. Suppose -q = s*i - 249, -69 + 14 = -i + 5*q. What is the highest common divisor of i and 125?
25
Let t = 908 - 707. Calculate the highest common factor of 6 and t.
3
Let n(w) = w**2 - w. Let v be n(0). Suppose 0 = 2*u - v*u. Suppose -b = -u*b - 3. Calculate the highest common divisor of b and 12.
3
Suppose 4 = 2*a - 0*a - 4*s, -4*a + 3*s = 2. Let r be a/(3/(27/(-6))). Let t be (-6)/(r/2 + -2). What is the greatest common factor of t and 8?
4
Suppose -k - 63 = 28. Let p = k + 103. Calculate the greatest common factor of p and 1.
1
Let k be (-1 + 1)*(-3)/36*-6. Suppose k = 3*d - 18 - 3. What is the greatest common factor of 63 and d?
7
Let z(h) = -45*h**3 - 12*h - 5. Let m be z(-3). Calculate the greatest common divisor of 14 and m.
14
Suppose -4*a + 1 = -5*a. Let d be (-1)/2*0/a. Suppose d = 3*o - 181 + 19. What is the highest common divisor of 6 and o?
6
Suppose -16*j + 3 = -15*j. Suppose 5*z - 4*z + 5*o = 27, -j*o + 21 = z. What is the highest common factor of z and 96?
12
Let v(j) = j + 95. Suppose 5*h = 2*h. Let o be v(h). What is the greatest common divisor of 19 and o?
19
Let s = -8 + 19. Let h(m) = 0 + s*m - 1 + 1. Let p be h(1). Calculate the greatest common divisor of 88 and p.
11
Let o(b) = 2*b**2 + 7*b + 239. Let k be o(-11). What is the highest common divisor of k and 303?
101
Suppose -1320 = -5*v - 17*v. Let k = v - 50. What is the greatest common factor of k and 10?
10
Suppose -3*i = -0*i - 429. Let f(j) = 11*j - 16. Let d be f(-10). Let v be d/(-10) + (-4)/(-10). What is the greatest common divisor of v and i?
13
Let s = -13 + 28. Suppose 0 = -5*g + 35 + s. What is the highest common divisor of g and 50?
10
Let c be (-1)/((2/115)/((-4)/5)). Calculate the highest common divisor of 414 and c.
46
Suppose 5*k - 4*i - 15 = -i, -39 = -4*k - 3*i. Calculate the greatest common factor of k and 114.
6
Suppose -2*i - 3*n = -6*n - 73, 0 = -2*i + 5*n + 71. Let t be (i/4)/(2/(-4)). Let d = 41 + t. Calculate the greatest common factor of d and 22.
22
Suppose -2*p - 616 = -720. Calculate the greatest common divisor of p and 572.
52
Suppose 0 = a + 1, -3*a - 2 = -0*s + s. What is the highest common divisor of 57 and s?
1
Let d be (-7)/(-21) + -1 + 394/6. Let h = 5 + -15. Let s = 3 - h. What is the greatest common factor of s and d?
13
Let f(r) = -r**2 + 7*r - 4 + r + 0. Let q be f(7). Suppose 5*j + q*h - 140 = 0, 3*j - 2 = 5*h + 82. Calculate the highest common factor of j and 14.
14
Suppose 0 = 3*w + 4*q - 6060, -5*w = 4*q + 3410 - 13510. What is the greatest common divisor of 20 and w?
20
Let h = -82 + 811. Calculate the highest common factor of h and 27.
27
Suppose 15*b = b + 2*b. Let c = b + 84. What is the greatest common factor of 14 and c?
14
Suppose 3 = 2*d - 4*a - 81, -3*a = -2*d + 84. Let g(k) = -17*k - 1. Let y be g(3). Let m = -31 - y. What is the highest common factor of m and d?
21
Let n be 3/((-65)/(-32) + -2). Let j be 3/(1*4/n). Suppose 0*q + 4*q = j. Calculate the greatest common divisor of 54 and q.
18
Let l = -304 + 709. What is the greatest common factor of 45 and l?
45
Let z(w) = -w**3 + 9*w**2 - 54. Let n be z(7). What is the highest common divisor of 121 and n?
11
Let f(t) = 3*t**2 - 13*t + 40. Let i be f(7). Calculate the greatest common divisor of i and 80.
16
Let q be (-343)/(-2) - (-1)/(-2). Suppose -4*l + 17 = -q. Let k = -15 + l. What is the greatest common factor of k and 4?
4
Let a(r) = 66*r - 54. Let q be a(6). What is the greatest common divisor of 38 and q?
38
Suppose -4*k + k = -9. Suppose -40 - 20 = -12*x. Suppose 2*c - 70 = -x*j, 4*c - 80 = -8*j + k*j. Calculate the greatest common divisor of j and 8.
4
Let c(s) = 3 - s**2 + 2*s - 2 + 23*s**3 + 8*s**3 - 3. Let l be c(1). Calculate the greatest common divisor of l and 12.
6
Suppose 4*q + 4 = a - 5, -3*a + 55 = -5*q. Let x = -5 + a. Calculate the greatest common divisor of x and 80.
20
Suppose -129*z = -113*z - 4000. Calculate the highest common divisor of z and 20.
10
Suppose 5*f - 4585 = 4260. Calculate the greatest common divisor of f and 122.
61
Suppose 9 = -o + 2*s + 25, -4*o = s - 64. Let z(k) = -4*k + 4. Let t be z(-3). Calculate the highest common divisor of t and o.
16
Suppose -9 + 0 = -3*f. Suppose 72 - 6 = f*r. Let i = r + -9. Calculate the highest common factor of 52 and i.
13
Let z(k) = -k**3 + k**2 + k + 16. Let l be z(0). Let t be 74 - -2 - 7/(14/(-8)). What is the greatest common factor of l and t?
16
Let h = 116 + 29. Calculate the highest common factor of 5 and h.
5
Let g(j) be the first derivative of -j**2 + 2*j - 1. Let q be g(-3). Let h(v) = -17*v - 33. Let r be h(-2). Calculate the greatest common factor of r and q.
1
Let b be ((-1)/1)/((-37)/888). What is the highest common factor of b and 256?
8
Suppose 0 = -4*o + 10 - 2. Suppose -5*m = r - 345, 2*m - o*r - 360 = -3*m. Calculate the highest common factor of m and 10.
10
Let u = -606 + 640. Calculate the greatest common divisor of 918 and u.
34
Suppose 2*c = -2*b + 1806, 3*c = 6*b + 6*c - 5409. What is the highest common divisor of 36 and b?
36
Suppose -2*o = 3*o - 4*y + 16, -2*o + 12 = 3*y. Suppose o*k = -5*k + 100. Calculate the greatest common factor of k and 8.
4
Let b(d) = 2*d + 17. Let s be b(-6). Suppose s*a = 10*a. Suppose -6*l + 2*l + 16 = a, -5*u = -l - 491. What is the greatest common factor of 9 and u?
9
Let d(a) = 18*a**3 - 2*a**2 + 6*a - 8. Let l be d(2). What is the highest common factor of 84 and l?
28
Let a be (-60)/(-5)*(-22)/(-8). What is the highest common divisor of 9 and a?
3
Suppose -16*l = -8*l - 168. What is the greatest common divisor of 21 and l?
21
Let s = -154 - -156. Calculate the highest common divisor of s and 4.
2
Suppose 0 = 6*u - 2*u + 60. Let d = 5 - u. Let m be (-2)/6*(2 - d). What is the greatest common divisor of 6 and m?
6
Let s be 2492 - 42 - (2 + -9). Calculate the greatest common factor of s and 91.
91
Let y be 4 - -282 - (-3 + -5). What is the highest common factor of y and 6?
6
Suppose 5*o = 6 - 21. Let b = 15 + o. What is the highest common factor of 156 and b?
12
Let n(u) = 17*u**2 - 16*u - 7. Let v be n(3). Suppose y - 2*y + 14 = 0. What is the greatest common factor of y and v?
14
Let g(s) = -8*s**3 + 2*s**2 + 3. Let h be g(-2). Suppose -23*t = -20*t - h. What is the highest common factor of 25 and t?
25
Let v = 40 - 10. Suppose -3*t = -2*c + t + 6, -t = 4*c - v. Suppose -4*n + f = -8*n, -2*f = n + c. What is the greatest common divisor of n and 4?
1
Suppose -44*l - 483 = -47*l. Calculate the greatest common divisor of l and 7.
7
Let o = -5 - -11. Let f(q) = -7*q + 7. Suppose 0*k = -k - 5. Let x be f(k). Calculate the greatest common divisor of x and o.
6
Suppose 3*w - 8*w + 675 = 0. Let z = 10 - -5. What is the greatest common factor of z and w?
15
Suppose 5*n - 3345 = 5410. Calculate the highest common divisor of n and 17.
17
Suppose 11*v = 12*v - 360. Suppose 2*u + v = 6*u. Let l be (-18)/(-2) - (-5 - -4). What is the greatest common factor of l and u?
10
Suppose 0 = 141*m - 133*m - 1568. What is the greatest common factor of 8 and m?
4
Let q = -595 - -640. Calculate the greatest common divisor of 30 and q.
15
Let l(k) = -k**3 + 16*k**2 - 6*k - 17. Let s be l(9). What is the greatest common divisor of s and 31?
31
Let p(d) = d**2 + 8*d - 9. Let k be p(-10). Let g(v) = 9*v + 1. Suppose -4*m = -0*m - 24. Let c be g(m). Calculate the greatest common factor of c and k.
11
Let j be 288/(-1008) - 3992/(-7). What is the highest common factor of j and 114?
114
Let y = 97 + -74. What is the highest common divisor of 299 and y?
23
Let u(x) = x**3 + 15*x**2 + 13*x - 26. Let v be u(-13). What is the highest common divisor of 11 and v?
11
Let g = -13 + 31. Suppose 6*j - 5829 = -4641. What is the greatest common divisor of j and g?
18
Suppose 4*p - 30 + 2 = 0. Let z = 80 - 31. Calculate the highest common divisor of z and p.
7
Let f be (-934 - -4)*(-6)/10. Calculate the greatest common divisor of f and 72.